{"id":34,"date":"2014-05-23T17:47:43","date_gmt":"2014-05-23T16:47:43","guid":{"rendered":"http:\/\/www.aya-info.ch\/?page_id=34"},"modified":"2024-04-22T07:57:37","modified_gmt":"2024-04-22T06:57:37","slug":"notre-association","status":"publish","type":"page","link":"https:\/\/www.aya-info.ch\/?page_id=34","title":{"rendered":"Notre association"},"content":{"rendered":"<h2 style=\"text-align: justify;\">But et mission selon les statuts<\/h2>\n<p style=\"text-align: justify;\">L&rsquo;association AYA s&rsquo;est donn\u00e9 pour mission de soutenir les actions de SECOYA, ONG (<a href=\"http:\/\/fr.wikipedia.org\/wiki\/Organisation_non_gouvernementale\" target=\"_blank\">Organisation Non Gouvernementale<\/a>)\u00a0br\u00e9silienne d&rsquo;appui et de coop\u00e9ration avec le peuple Yanomami de l&rsquo;Etat d&rsquo;Amazonas, ainsi que de mieux faire conna\u00eetre en Suisse la probl\u00e9matique des Peuples Autochtones de la for\u00eat amazonienne.<\/p>\n<p style=\"text-align: justify;\">AYA fonctionne selon un mode enti\u00e8rement b\u00e9n\u00e9vole et envoie au Br\u00e9sil jusqu\u2019au dernier centime des dons r\u00e9colt\u00e9s. Elle tient un blog dans la \u2018\u2019Tribune de Gen\u00e8ve\u2019\u2019, et r\u00e9dige et diffuse chaque mois un bulletin d\u2019information (AYA info) qui couvre les \u00e9v\u00e9nements importants se d\u00e9roulant en lien avec toute l\u2019Amazonie br\u00e9silienne.<\/p>\n<h2 style=\"text-align: justify;\">Rapports d&rsquo;activit\u00e9s<\/h2>\n<p><a title=\"Rapport d'activit\u00e9s 2023\" href=\"http:\/\/www.aya-info.ch\/wp-content\/uploads\/2014\/05\/RAPPORT-DACTIVITES-AYA-20231.pdf\" target=\"_blank\">Rapport d&rsquo;activit\u00e9s 2023<\/a><\/p>\n<p style=\"text-align: justify;\"><a title=\"Rapport d'activit\u00e9s 2022\" href=\"http:\/\/www.aya-info.ch\/wp-content\/uploads\/2014\/05\/Rapport-dactivit\u00e9s-2022.pdf\" target=\"_blank\">Rapport d&rsquo;activit\u00e9s 2022<\/a><\/p>\n<p style=\"text-align: justify;\"><a title=\"Rapport d'activit\u00e9s 2021\" href=\"http:\/\/www.aya-info.ch\/wp-content\/uploads\/2014\/05\/Rapport-dactivit\u00e9s-AYA-2021.pdf\" target=\"_blank\">Rapport d&rsquo;activit\u00e9s 2021<\/a><\/p>\n<p style=\"text-align: justify;\"><a title=\"Rapport d'activit\u00e9s 2020\" href=\"http:\/\/www.aya-info.ch\/wp-content\/uploads\/2014\/05\/Rapport-dactivit\u00e9s-AYA-2021.pdf\" target=\"_blank\">Rapport d&rsquo;activit\u00e9s 2020<\/a><\/p>\n<h2 style=\"text-align: justify;\">Comit\u00e9<\/h2>\n<p style=\"text-align: justify;\">Pr\u00e9sident:\u00a0Pedro Albajar Vinas<\/p>\n<p style=\"text-align: justify;\">Tr\u00e9sorier:\u00a0Martin Corminboeuf<\/p>\n<p style=\"text-align: justify;\">Secr\u00e9taire: Luisa Prado<\/p>\n<p style=\"text-align: justify;\">Membres:\u00a0Bernard Comoli, Virginie Estier, Alain Gaumann, B\u00e9atrice De Peyer<\/p>\n","protected":false},"excerpt":{"rendered":"<p>But et mission selon les statuts L&rsquo;association AYA s&rsquo;est donn\u00e9 pour mission de soutenir les actions de SECOYA, ONG (Organisation Non Gouvernementale)\u00a0br\u00e9silienne d&rsquo;appui et de coop\u00e9ration avec le peuple Yanomami de l&rsquo;Etat d&rsquo;Amazonas, ainsi que de mieux faire conna\u00eetre en &hellip; <a href=\"https:\/\/www.aya-info.ch\/?page_id=34\">Continuer la lecture <span class=\"meta-nav\">&rarr;<\/span><\/a><\/p>\n","protected":false},"author":1,"featured_media":0,"parent":0,"menu_order":0,"comment_status":"closed","ping_status":"closed","template":"","meta":[],"_links":{"self":[{"href":"https:\/\/www.aya-info.ch\/index.php?rest_route=\/wp\/v2\/pages\/34"}],"collection":[{"href":"https:\/\/www.aya-info.ch\/index.php?rest_route=\/wp\/v2\/pages"}],"about":[{"href":"https:\/\/www.aya-info.ch\/index.php?rest_route=\/wp\/v2\/types\/page"}],"author":[{"embeddable":true,"href":"https:\/\/www.aya-info.ch\/index.php?rest_route=\/wp\/v2\/users\/1"}],"replies":[{"embeddable":true,"href":"https:\/\/www.aya-info.ch\/index.php?rest_route=%2Fwp%2Fv2%2Fcomments&post=34"}],"version-history":[{"count":18,"href":"https:\/\/www.aya-info.ch\/index.php?rest_route=\/wp\/v2\/pages\/34\/revisions"}],"predecessor-version":[{"id":343,"href":"https:\/\/www.aya-info.ch\/index.php?rest_route=\/wp\/v2\/pages\/34\/revisions\/343"}],"wp:attachment":[{"href":"https:\/\/www.aya-info.ch\/index.php?rest_route=%2Fwp%2Fv2%2Fmedia&parent=34"}],"curies":[{"name":"wp","href":"https:\/\/api.w.org\/{rel}","templated":true}]}}