{"id":51,"date":"2014-05-25T15:53:46","date_gmt":"2014-05-25T14:53:46","guid":{"rendered":"http:\/\/www.aya-info.ch\/?page_id=51"},"modified":"2014-06-16T22:14:30","modified_gmt":"2014-06-16T21:14:30","slug":"le-peuple-yanomami","status":"publish","type":"page","link":"https:\/\/www.aya-info.ch\/?page_id=51","title":{"rendered":"Le peuple Yanomami"},"content":{"rendered":"<p><img decoding=\"async\" loading=\"lazy\" class=\"alignnone size-medium wp-image-106\" src=\"http:\/\/www.aya-info.ch\/wp-content\/uploads\/2014\/05\/Carte-300x215.jpg\" alt=\"Carte\" width=\"300\" height=\"215\" srcset=\"https:\/\/www.aya-info.ch\/wp-content\/uploads\/2014\/05\/Carte-300x215.jpg 300w, https:\/\/www.aya-info.ch\/wp-content\/uploads\/2014\/05\/Carte-1024x737.jpg 1024w, https:\/\/www.aya-info.ch\/wp-content\/uploads\/2014\/05\/Carte-624x449.jpg 624w, https:\/\/www.aya-info.ch\/wp-content\/uploads\/2014\/05\/Carte.jpg 1242w\" sizes=\"(max-width: 300px) 100vw, 300px\" \/><\/p>\n<p style=\"text-align: justify;\">D&rsquo;un contact avec la soci\u00e9t\u00e9 r\u00e9gionale (occidentale) encore r\u00e9cent puisqu&rsquo;il date des ann\u00e9es 1960, les Yanomami forment <strong>une des plus grandes ethnies<\/strong> du Br\u00e9sil.<\/p>\n<p style=\"text-align: justify;\">Leur territoire se situe dans les for\u00eats et montagnes du nord du Br\u00e9sil et du sud du Venezuela, et nombre de communaut\u00e9s yanomami vivent encore de mani\u00e8re totalement isol\u00e9e. Au Br\u00e9sil, le peuple Yanomami compte une population d\u2019environ <strong>21\u2019600 personnes<\/strong>, et leur territoire, d&rsquo;une taille \u00e9quivalente au double de la superficie de la Suisse, est reconnu et l\u00e9galement d\u00e9marqu\u00e9 \u00ab\u00a0Terre indig\u00e8ne\u00a0\u00bb depuis 1992.\u00a0<strong>Peuple semi-nomade<\/strong>, il vit de la chasse, de la p\u00eache et de la cueillette, et pratique une agriculture saisonni\u00e8re de subsistance.<\/p>\n<p style=\"text-align: justify;\">Depuis ces premiers contacts, l\u2019histoire du peuple Yanomami est fortement marqu\u00e9e par des <strong>conflits culturels et sociaux avec la soci\u00e9t\u00e9 occidentale<\/strong>, qui ont entra\u00een\u00e9 de grands bouleversements dans leur mode de vie. Recherchant la proximit\u00e9 avec les postes de sant\u00e9 et l\u2019assistance propos\u00e9e &#8211; quoique tr\u00e8s sporadiquement &#8211; par les politiques publiques br\u00e9siliennes, les Yanomami et en particulier ceux qui g\u00e9ographiquement sont les plus proches des fronti\u00e8res de leur territoire, ont entam\u00e9 un processus de s\u00e9dentarisation. <strong>Cette situation provoque d\u2019importants probl\u00e8mes<\/strong> de subsistance, influen\u00e7ant n\u00e9gativement et la qualit\u00e9 et la diversit\u00e9 des aliments disponibles, et a entra\u00een\u00e9 de s\u00e9rieux probl\u00e8mes de <strong>d\u00e9nutrition<\/strong>, d&rsquo;une ampleur jusque-l\u00e0 inconnue. Les \u00e9pid\u00e9mies, comme la <strong>malaria et la grippe<\/strong>, sont de plus en plus fr\u00e9quentes et les enfants de moins de cinq ans en sont les premi\u00e8res victimes. Dans certains villages \u00ab\u00a0proches\u00a0\u00bb des villes, on constate une <strong>perte importante des traditions<\/strong> et une apparition de nouvelles pratiques nocives pour la population, comme la consommation d\u2019alcool et la prostitution.<\/p>\n<p style=\"text-align: justify;\">A travers sa Constitution de 1988, <strong>le gouvernement br\u00e9silien a d\u00e9velopp\u00e9 une conception de l\u2019assistance en sant\u00e9 extr\u00eamement avanc\u00e9e<\/strong>. Cependant, malgr\u00e9 la cr\u00e9ation d\u2019un syst\u00e8me de sant\u00e9 sp\u00e9cifique aux Peuples Indig\u00e8nes, les diverses entit\u00e9s qui ont \u00e9t\u00e9 tour-\u00e0-tour responsables de l&rsquo;organisation et la bonne marche de ce secteur <strong>ne sont jamais parvenues \u00e0 r\u00e9pondre aux besoins tr\u00e8s r\u00e9els de ces peuples<\/strong>, devenus plus aigus de part le contact (ne serait-ce que parce que des maladies contagieuses relativement b\u00e9nignes chez nous s&rsquo;av\u00e8rent d\u00e9vastatrices chez les indig\u00e8nes).<\/p>\n<p style=\"text-align: justify;\">Leurs constantes revendications d\u00e9noncent la discontinuit\u00e9 et la basse qualit\u00e9 de l&rsquo;attention port\u00e9e aux autochtones par les institutions en charge de la sant\u00e9 dite \u00ab\u00a0primaire\u00a0\u00bb : un manque chronique de personnel qualifi\u00e9, de mat\u00e9riel, de m\u00e9dicaments. Cette situation a de <strong>graves r\u00e9percussions sur la population Yanomami<\/strong>, augmentant de fa\u00e7on alarmante les indices de pathologies infectieuses ainsi que le taux de d\u00e9nutrition chez les enfants.<\/p>\n<p style=\"text-align: justify;\">\n","protected":false},"excerpt":{"rendered":"<p>D&rsquo;un contact avec la soci\u00e9t\u00e9 r\u00e9gionale (occidentale) encore r\u00e9cent puisqu&rsquo;il date des ann\u00e9es 1960, les Yanomami forment une des plus grandes ethnies du Br\u00e9sil. Leur territoire se situe dans les for\u00eats et montagnes du nord du Br\u00e9sil et du sud &hellip; <a href=\"https:\/\/www.aya-info.ch\/?page_id=51\">Continuer la lecture <span class=\"meta-nav\">&rarr;<\/span><\/a><\/p>\n","protected":false},"author":1,"featured_media":0,"parent":0,"menu_order":10,"comment_status":"closed","ping_status":"closed","template":"","meta":[],"_links":{"self":[{"href":"https:\/\/www.aya-info.ch\/index.php?rest_route=\/wp\/v2\/pages\/51"}],"collection":[{"href":"https:\/\/www.aya-info.ch\/index.php?rest_route=\/wp\/v2\/pages"}],"about":[{"href":"https:\/\/www.aya-info.ch\/index.php?rest_route=\/wp\/v2\/types\/page"}],"author":[{"embeddable":true,"href":"https:\/\/www.aya-info.ch\/index.php?rest_route=\/wp\/v2\/users\/1"}],"replies":[{"embeddable":true,"href":"https:\/\/www.aya-info.ch\/index.php?rest_route=%2Fwp%2Fv2%2Fcomments&post=51"}],"version-history":[{"count":6,"href":"https:\/\/www.aya-info.ch\/index.php?rest_route=\/wp\/v2\/pages\/51\/revisions"}],"predecessor-version":[{"id":147,"href":"https:\/\/www.aya-info.ch\/index.php?rest_route=\/wp\/v2\/pages\/51\/revisions\/147"}],"wp:attachment":[{"href":"https:\/\/www.aya-info.ch\/index.php?rest_route=%2Fwp%2Fv2%2Fmedia&parent=51"}],"curies":[{"name":"wp","href":"https:\/\/api.w.org\/{rel}","templated":true}]}}